0. Let j = 87 + -44. Suppose 4*k - j = 3*b - 4*b, 29 = 2*k - b. Calculate the remainder when i is divided by k.
11
Let s(x) = -2*x + 6. Suppose v + 5*a - 36 = 0, 5*v - 2*a - 111 = -4*a. What is the remainder when s(-17) is divided by v?
19
Let s be (-7)/(-2) + (-9)/6. What is the remainder when 85/s - (-3)/6 is divided by 15?
13
Suppose 15*d - 50*d + 770 = 0. Calculate the remainder when 348 is divided by d.
18
Suppose -m + 73 - 4 = 4*n, -m = -2*n - 45. What is the remainder when 154 is divided by m?
48
Calculate the remainder when 23 + 30/(6 - 1) is divided by 18.
11
Suppose 625 = -45*l + 50*l. Calculate the remainder when l is divided by 64.
61
Suppose d + 5*t = -15, -5*t - 17 = 2*d - 2. Let m(l) be the first derivative of -l**3/3 + 55*l + 35. Calculate the remainder when m(d) is divided by 29.
26
What is the remainder when 93 is divided by (10 - 4)*48/18?
13
Let s be (1/(-2))/((-2)/16). Let j = -5 - -10. Suppose -s*k + j*v + 11 = 0, 2*k - 37 - 1 = -4*v. What is the remainder when 26 is divided by k?
8
What is the remainder when 10 is divided by (-8)/(-12) + 160/30?
4
Suppose -33*m - 161 = -40*m. What is the remainder when 49 is divided by m?
3
Let k = 970 - 951. What is the remainder when 168 is divided by k?
16
Let r(u) be the first derivative of 5*u**3/3 - 5*u**2 - 4*u - 22. What is the remainder when r(-5) is divided by 29?
26
Let t(l) = l**2 + l + 2. Let q be t(0). Suppose -x - q*y = -4, 5*y - 2*y + 9 = 0. Let s(n) = 3*n**2 + 4*n - 3. What is the remainder when s(-4) is divided by x?
9
Let v = 3 + 96. Let l = 41 + 131. Suppose x = 3*f - 5*f + 70, x = -5*f + l. What is the remainder when v is divided by f?
31
Suppose -5*b = -2*u - 267, -1 + 0 = u. Let a(i) = -i**3 - 8*i**2 - 10*i + 6. Let o = 26 - 33. What is the remainder when b is divided by a(o)?
26
Let v = 12 - 9. Suppose v*x - 205 + 7 = 0. What is the remainder when x is divided by 17?
15
Let f = 89 - 22. What is the remainder when f is divided by (-156)/(-15) + (-14)/35?
7
Suppose 12 = -0*d + 3*d, -2*d = 3*c + 187. Let f = -11 - c. Calculate the remainder when f is divided by 19.
16
Let a(b) = b**3 + 23*b - 7*b**2 - 44*b + 20*b + 45 - 7*b**2. Calculate the remainder when a(14) is divided by 18.
13
Suppose -n - 7 = 4. Let l = 3 - n. Let t(a) = 2*a**2 - 6*a + 5. What is the remainder when t(5) is divided by l?
11
Let v(i) be the third derivative of i**4/12 + 5*i**3/2 - 7*i**2. Suppose 11 = z + 1. What is the remainder when v(7) is divided by z?
9
Let i be (-6)/4 - (-21)/14. Suppose -3*l = -3*m + 129, l = -3*m - i*l + 113. Let g(b) = b**2 - 3*b. Calculate the remainder when m is divided by g(5).
9
Let r be (-2 - -1)/(4 + -3)*-3. Suppose 2*c = -2*c - r*d + 413, 3*c - 5*d - 288 = 0. Calculate the remainder when c is divided by 17.
16
Suppose -5*w + 29 = -36. Suppose 0 = -r + w + 5. What is the remainder when 23 + 0 - r/(-9) is divided by 13?
12
Let o = 1264 - 770. What is the remainder when o is divided by 55?
54
Let c = -5 + 9. Suppose c*x = 2 + 38. Calculate the remainder when 28 - 2*(0 + 4/(-8)) is divided by x.
9
Suppose -2*g - 3 = -3*d, 0 = -2*d + 2*g + 2*g + 10. What is the remainder when -46*((-2)/(-4) + d) is divided by 13?
10
Let k(u) = -2*u**2 + 29*u - 28. Let a = 28 - 15. Calculate the remainder when 109 is divided by k(a).
10
Let t(y) be the first derivative of -y**3/3 + 8*y**2 + 41*y + 16. What is the remainder when t(17) is divided by 9?
6
Suppose -395 = -3*f + 4*s, 3*f - 3*s + 668 = 8*f. What is the remainder when f is divided by 37?
22
Suppose 13*g + 316 = 17*g. Calculate the remainder when g is divided by 11.
2
Suppose -g + 432 = 4*v, 3*v + 0*g - g = 317. Suppose -3*w + 2*d + 34 + v = 0, d = 4*w - 188. Calculate the remainder when w is divided by 7.
5
Let d(s) = -3*s - 19. Let h be d(-10). Suppose -5*j - 3*a + 30 + h = 0, j = -2*a + 4. What is the remainder when 43 is divided by j?
3
Suppose 108 - 39 = 3*c. Suppose -q + c - 1 = 0. Suppose -4*k = -9*k - 5*i + 425, k - 85 = -3*i. Calculate the remainder when k is divided by q.
19
Let c(t) = t**3 - 19*t**2 + 5*t + 1. What is the remainder when 378 is divided by c(19)?
90
Let g(n) = n**2 + 6*n + 6. Let f be g(-6). Suppose 3*h = 3*k + 6, -h + 4*h + 2*k - f = 0. What is the remainder when h is divided by 2?
0
Suppose -103 = -2*u + i + 2*i, 5*u - 3*i - 235 = 0. Let b = 50 - u. Calculate the remainder when b is divided by (2/(-3))/(2/(-12)).
2
Let o(k) = 7*k + 3. Suppose 65 = 5*t - 90. Suppose -3*m - 4 = -t. What is the remainder when o(m) is divided by 17?
15
Calculate the remainder when 214 is divided by (-72)/28*(1 + -15).
34
Suppose 2881 = -6*t + 2953. What is the remainder when 26 is divided by t?
2
Suppose 97*c - 828 = 91*c. What is the remainder when 687 is divided by c?
135
Let k = 13 + -9. Suppose 4*u - 99 = -3*i, -143 + 4 = -4*i - 3*u. Calculate the remainder when i is divided by k.
1
Suppose -28 = 10*q - 638. Calculate the remainder when 240 is divided by q.
57
Let l(f) = -4*f**3 - 39*f**2 + 12*f + 27. Suppose 3*y = -5*q + 75 + 37, -5*y - 40 = -3*q. What is the remainder when q is divided by l(-10)?
6
Let g = 53 + -26. Suppose -g = -5*d - 2*m, 5*d + 0*m - 24 = m. Calculate the remainder when d is divided by (-8)/(-36) - 50/(-18).
2
Suppose 4*j - 33 = 3*j - s, 5*j + 4*s - 162 = 0. Calculate the remainder when j is divided by 8.
6
Let l = -51 - 11. Let d = l - -149. What is the remainder when d is divided by 11?
10
Calculate the remainder when (-10)/(-4) - 98/(-4) is divided by 6.
3
Let w(a) = a**3 + 9*a**2 + 8*a - 2. Let m be w(-8). Calculate the remainder when 14 is divided by 1/((-1)/(-4 - 0/m)).
2
Let k(b) = -43*b - 417. What is the remainder when 153 is divided by k(-13)?
11
Suppose 15*a - 2073 + 648 = 0. Calculate the remainder when 283 is divided by a.
93
Suppose 30*z - 35*z = -50. What is the remainder when 89 is divided by z?
9
Let q(g) = 2*g**3 - 17*g**2 + 45*g - 24. Let b = -43 + 64. What is the remainder when b is divided by q(4)?
9
Suppose -2*y = 2*u - 6, -3*y - 5*u + 10 = -1. Suppose -80 = -y*a + 5*g - 0, 5*a = -4*g + 167. What is the remainder when a is divided by 6?
5
Let t(x) = -x. Let n be t(2). Let i = n - -2. Suppose -3*v - v + 52 = i. What is the remainder when v is divided by 8?
5
Let o(i) = -2*i + 4. Calculate the remainder when (-11*(-7)/2)/(67/134) is divided by o(-3).
7
Let f(s) = -s + 2. Suppose -3*y + r + 10 = -5, 0 = y + r - 1. Suppose 51 = -y*l + 15. What is the remainder when 19 is divided by f(l)?
8
Suppose -x + 9 = 13, 4*x + 724 = 3*y. What is the remainder when y is divided by 17?
15
Suppose 4*m - g + 4*g = 41, 3*g + 58 = 5*m. Let h(v) = 7*v + 5. What is the remainder when h(m) is divided by 22?
16
Suppose 0 = 17*l - 1 - 254. What is the remainder when 177 is divided by l?
12
Let q = 412 - 391. Let y be (1 - 6)*(-2)/(-5). Let h = y + q. What is the remainder when h is divided by 7?
5
Let w be (-4)/(-3)*(-294)/28. Let g = 2 + 5. Calculate the remainder when -6*4/(-6) - w is divided by g.
4
Let w be 2/(-6) - (-20)/6. Suppose w*s + 18 = 6*s. Suppose 72 = -2*v + s*v. Calculate the remainder when v is divided by 7.
4
Let x = 2114 + -2029. What is the remainder when x is divided by 16?
5
Let k = 25 - 42. Let n = k + 18. What is the remainder when 45 + -18 - n*-1 is divided by 15?
13
Let f(p) = -9 + 0*p**3 + 6*p**3 + 4*p**2 + 8 - 2*p. Suppose -b - 5*o + 24 = 4, 3*b - 100 = 5*o. Calculate the remainder when f(2) is divided by b.
29
Let n(u) = u**3 - 6*u**2 + 2*u + 5. Suppose 25 = -0*i + 5*i. Let y be n(i). Calculate the remainder when (-4)/y + 1015/25 is divided by 11.
8
Calculate the remainder when 97 is divided by 1209/39 - 1/(2/(-4)).
31
Suppose -5*k - 580 = -15*k. Suppose -128 = -0*m - 5*m + q, 2*m + 3*q = k. What is the remainder when m is divided by (-1 + 3)/(-2)*-14?
12
Let s be (-2 + 3 - 1) + 320. Suppose 3*g + 0*g = 12, 0 = -4*p - 2*g + s. Calculate the remainder when p is divided by 21.
15
Let w = -639 + 1660. What is the remainder when w is divided by 11?
9
Let m = -101 + 135. Let p(w) = -w**2 + 4*w - 4. Let h be p(3). Calculate the remainder when m is divided by (2/3 + h)*-57.
15
Let j(c) = c**2 - 26*c + 107. Let o(p) = p**2 + 2*p - 1. Calculate the remainder when o(1) is divided by j(5).
0
Suppose 4*c = 20, c + 2*c = -2*b + 27. Let u = 62 + -50. Let o = u - -3. What is the re